{"id":913,"date":"2021-03-29T11:16:26","date_gmt":"2021-03-29T04:16:26","guid":{"rendered":"https:\/\/iptc.vn\/sip\/?page_id=913"},"modified":"2021-03-29T14:51:16","modified_gmt":"2021-03-29T07:51:16","slug":"thongcao","status":"publish","type":"page","link":"https:\/\/iptc.vn\/sip\/thongcao\/","title":{"rendered":"Th\u00f4ng c\u00e1o b\u00e1o ch\u00ed"},"content":{"rendered":"<div class=\"row\"  id=\"row-353501307\">\n\n\t<div class=\"col small-12 large-12\"  >\n\t\t<div class=\"col-inner\"  >\n\t\t\t\n\t\t\t\n<p style=\"text-align: center;\"><strong>TH\u00d4NG C\u00c1O B\u00c1O CH\u00cd<\/strong><\/p>\n<p style=\"text-align: center;\"><strong>CU\u1ed8C THI<\/strong> <strong>\u201cSINH VI\u00caN V\u1edaI QUY\u1ec0N S\u1ede H\u1eeeU TR\u00cd TU\u1ec6 <\/strong><strong>S&amp;IP<\/strong><strong>\u201d<\/strong><\/p>\n<p style=\"text-align: center;\"><strong>Ch\u1ee7 \u0111\u1ec1 n\u0103m 2021<\/strong><\/p>\n<p style=\"text-align: center;\"><strong>\u00a0\u201cT\u1eeb \u00fd t\u01b0\u1edfng \u0111\u1ebfn c\u01a1 h\u1ed9i kinh doanh\u201d<\/strong><strong>\u00a0<\/strong><\/p>\n<p>Nh\u1eb1m ch\u00e0o m\u1eebng Ng\u00e0y S\u1edf h\u1eefu tr\u00ed tu\u1ec7 Th\u1ebf gi\u1edbi (26\/4) v\u00e0 Ng\u00e0y Khoa h\u1ecdc C\u00f4ng ngh\u1ec7 Vi\u1ec7t Nam (18\/5), k\u1ef7 ni\u1ec7m 10 n\u0103m ho\u1ea1t \u0111\u1ed9ng s\u1edf h\u1eefu tr\u00ed tu\u1ec7 v\u00e0 chuy\u1ec3n giao c\u00f4ng ngh\u1ec7, \u0110\u1ea1i h\u1ecdc Qu\u1ed1c gia Th\u00e0nh ph\u1ed1 H\u1ed3 Ch\u00ed Minh (\u0110HQG-HCM) ph\u1ed1i h\u1ee3p v\u1edbi C\u1ee5c S\u1edf h\u1eefu tr\u00ed tu\u1ec7 &#8211; B\u1ed9 Khoa h\u1ecdc v\u00e0 c\u00f4ng ngh\u1ec7 t\u1ed5 ch\u1ee9c cu\u1ed9c thi \u201cSinh vi\u00ean v\u1edbi quy\u1ec1n s\u1edf h\u1eefu tr\u00ed tu\u1ec7 S&amp;IP\u201d, Ch\u1ee7 \u0111\u1ec1 n\u0103m 2021 \u201cT\u1eeb \u00fd t\u01b0\u1edfng \u0111\u1ebfn c\u01a1 h\u1ed9i kinh doanh\u201d. Cu\u1ed9c thi \u0111\u01b0\u1ee3c giao cho Trung t\u00e2m S\u1edf h\u1eefu Tr\u00ed tu\u1ec7 v\u00e0 Chuy\u1ec3n giao C\u00f4ng ngh\u1ec7 (IPTC) \u0110HQG-HCM ph\u1ed1i h\u1ee3p c\u00f9ng Khu C\u00f4ng ngh\u1ec7 Ph\u1ea7n m\u1ec1m (Khu CNPM) \u0110HQG-HCM v\u00e0 Trung t\u00e2m Nghi\u00ean c\u1ee9u \u0110\u00e0o t\u1ea1o v\u00e0 H\u1ed7 tr\u1ee3 t\u01b0 v\u1ea5n \u2013 C\u1ee5c S\u1edf h\u1eefu tr\u00ed tu\u1ec7 (C\u1ee5c SHTT), B\u1ed9 KH&amp;CN t\u1ed5 ch\u1ee9c, v\u1edbi s\u1ef1 ph\u1ed1i h\u1ee3p c\u1ee7a Ban C\u00e1n s\u1ef1 \u0110o\u00e0n \u0110HQG-HCM, Trung t\u00e2m Kh\u1edfi nghi\u1ec7p \u0110\u1ed5i m\u1edbi s\u00e1ng t\u1ea1o \u0110HQG-HCM, Saigon innovation Hub, c\u00e1c tr\u01b0\u1eddng \u0111\u1ea1i h\u1ecdc th\u00e0nh vi\u00ean \u0110HQG-HCM v\u00e0 c\u00e1c tr\u01b0\u1eddng \u0111\u1ea1i h\u1ecdc khu v\u1ef1c ph\u00eda Nam.<\/p>\n<p>Cu\u1ed9c thi s\u1ebd b\u1eaft \u0111\u1ea7u nh\u1eadn h\u1ed3 s\u01a1 t\u1eeb Th\u00e1ng 3 \u0111\u1ebfn h\u1ebft th\u00e1ng 6\/2021, c\u00e1c v\u00f2ng hu\u1ea5n luy\u1ec7n v\u00e0 t\u01b0 v\u1ea5n cho c\u00e1c d\u1ef1 \u00e1n tham gia s\u1ebd di\u1ec5n ra xuy\u00ean xu\u1ed1t t\u1eeb th\u00e1ng 3 \u0111\u1ebfn th\u00e1ng 8\/2021, V\u00f2ng chung k\u1ebft v\u00e0 trao gi\u1ea3i s\u1ebd di\u1ec5n ra trong th\u00e1ng 9\/2021. T\u1ed5ng gi\u00e1 tr\u1ecb gi\u1ea3i th\u01b0\u1edfng l\u00ean \u0111\u1ebfn h\u01a1n 1,5 t\u1ef7 \u0111\u1ed3ng.<\/p>\n<p>M\u1ee5c ti\u00eau cu\u1ed9c thi nh\u1eb1m:<\/p>\n<ul>\n<li>Th\u00fac \u0111\u1ea9y ho\u1ea1t \u0111\u1ed9ng \u0111\u1ed5i m\u1edbi s\u00e1ng t\u1ea1o trong sinh vi\u00ean, t\u1eadn d\u1ee5ng nh\u1eefng c\u01a1 h\u1ed9i do cu\u1ed9c C\u00e1ch m\u1ea1ng c\u00f4ng ngh\u1ec7 4.0 mang l\u1ea1i;<\/li>\n<li>Th\u00fac \u0111\u1ea9y ho\u1ea1t \u0111\u1ed9ng k\u1ebft n\u1ed1i gi\u1eefa tr\u01b0\u1eddng \u0111\u1ea1i h\u1ecdc v\u1edbi c\u00e1c doanh nghi\u1ec7p \u0111\u1eb7c bi\u1ec7t l\u00e0 doanh nghi\u1ec7p v\u1eeba v\u00e0 nh\u1ecf;<\/li>\n<li>N\u00e2ng cao nh\u1eadn th\u1ee9c c\u1ee7a sinh vi\u00ean v\u1ec1 vai tr\u00f2 c\u1ee7a s\u1edf h\u1eefu tr\u00ed tu\u1ec7 trong th\u1eddi chuy\u1ec3n \u0111\u1ed5i s\u1ed1;<\/li>\n<li>Ph\u00e1t huy kh\u1ea3 n\u0103ng s\u00e1ng t\u1ea1o, t\u1ea1o s\u00e2n ch\u01a1i khoa h\u1ecdc, tr\u00ed tu\u1ec7 b\u1ed5 \u00edch cho sinh vi\u00ean;<\/li>\n<li>T\u00ecm ki\u1ebfm nh\u1eefng \u00fd t\u01b0\u1edfng, s\u00e1ng ki\u1ebfn, hi\u1ebfn k\u1ebf ho\u1eb7c gi\u1ea3i ph\u00e1p c\u1ee5 th\u1ec3 thi\u1ebft th\u1ef1c trong \u0111\u1ed9i ng\u0169 sinh vi\u00ean \u0111\u1ec3 tri\u1ec3n khai, \u01b0\u01a1m t\u1ea1o th\u00e0nh nh\u1eefng doanh nghi\u1ec7p kh\u1edfi nghi\u1ec7p ti\u1ec1m n\u0103ng;<\/li>\n<li>T\u1ea1o \u0111i\u1ec1u ki\u1ec7n gi\u1edbi thi\u1ec7u d\u1ef1 \u00e1n kh\u1edfi nghi\u1ec7p c\u1ee7a sinh vi\u00ean ra th\u1ecb tr\u01b0\u1eddng qu\u1ed1c t\u1ebf;<\/li>\n<li>Th\u1ef1c hi\u1ec7n b\u1ea3o h\u1ed9 quy\u1ec1n s\u1edf h\u1eefu tr\u00ed tu\u1ec7 \u0111\u1ed1i v\u1edbi nh\u1eefng d\u1ef1 \u00e1n \u0111\u1ea1t y\u00eau c\u1ea7u, g\u00f3p ph\u1ea7n gia t\u0103ng s\u1ed1 l\u01b0\u1ee3ng \u0111\u01a1n \u0111\u0103ng k\u00fd s\u1edf h\u1eefu tr\u00ed tu\u1ec7.<\/li>\n<\/ul>\n<p>\u0110\u1ed1i t\u01b0\u1ee3ng tham gia cu\u1ed9c thi l\u00e0 sinh vi\u00ean, nh\u00f3m sinh vi\u00ean \u0111ang h\u1ecdc t\u1eadp t\u1ea1i c\u00e1c tr\u01b0\u1eddng \u0111\u1ea1i h\u1ecdc khu v\u1ef1c ph\u00eda Nam (t\u1eeb \u0110\u00e0 N\u1eb5ng \u0111\u1ebfn C\u00e0 Mau). Trong \u0111\u00f3 c\u00e1c d\u1ef1 \u00e1n tham gia S&amp;IP 2021 ph\u1ea3i \u0111\u00e1p \u1ee9ng c\u00e1c \u0111i\u1ec1u ki\u1ec7n sau \u0111\u00e2y:<\/p>\n<ul>\n<li>C\u00e1c d\u1ef1 \u00e1n kh\u1edfi nghi\u1ec7p \u0111\u1ed5i m\u1edbi s\u00e1ng t\u1ea1o \u1ee9ng d\u1ee5ng n\u1ec1n t\u1ea3ng c\u00f4ng ngh\u1ec7 s\u1ed1;<\/li>\n<li>Gi\u1ea3i quy\u1ebft nh\u1eefng v\u1ea5n \u0111\u1ec1 c\u1ee5 th\u1ec3 c\u1ee7a th\u1ef1c ti\u1ec5n;<\/li>\n<li>D\u1ef1 \u00e1n d\u1ef1 thi ch\u01b0a t\u1eebng \u0111\u1ea1t c\u00e1c gi\u1ea3i th\u01b0\u1edfng c\u1ea5p t\u1ec9nh\/th\u00e0nh tr\u1edf l\u00ean;<\/li>\n<li>D\u1ef1 \u00e1n \u0111\u00e3 t\u1eebng tham gia S&amp;IP 2020 nh\u01b0ng ch\u01b0a \u0111\u1ea1t gi\u1ea3i Top 10;<\/li>\n<li>D\u1ef1 \u00e1n kh\u00f4ng vi ph\u1ea1m quy\u1ec1n s\u1edf h\u1eefu tr\u00ed tu\u1ec7 theo quy \u0111\u1ecbnh hi\u1ec7n h\u00e0nh;<\/li>\n<\/ul>\n<p>H\u1ed9i \u0111\u1ed3ng gi\u00e1m kh\u1ea3o v\u00e0 ban c\u1ed1 v\u1ea5n c\u1ee7a cu\u1ed9c thi bao g\u1ed3m c\u00e1c Chuy\u00ean gia, nh\u00e0 qu\u1ea3n l\u00fd trong l\u0129nh v\u1ef1c s\u1edf h\u1eefu tr\u00ed tu\u1ec7, c\u00e1c Doanh nh\u00e2n \u0111\u00e3 kh\u1edfi nghi\u1ec7p th\u00e0nh c\u00f4ng, c\u00e1c chuy\u00ean gia trong c\u00e1c l\u0129nh v\u1ef1c c\u00f4ng ngh\u1ec7, chuy\u1ec3n \u0111\u1ed5i s\u1ed1, chuy\u00ean gia \u0111\u00e0o t\u1ea1o kh\u1edfi nghi\u1ec7p \u0111\u1ed5i m\u1edbi s\u00e1ng t\u1ea1o v\u00e0 \u0111\u1ea1i di\u1ec7n c\u00e1c Qu\u1ef9 \u0111\u1ea7u t\u01b0.<\/p>\n<p>Ch\u00fang t\u00f4i tr\u00e2n tr\u1ecdng th\u00f4ng tin v\u00e0 k\u00ednh m\u1eddi c\u01a1 quan th\u00f4ng t\u1ea5n, b\u00e1o ch\u00ed t\u00ecm hi\u1ec3u v\u00e0 \u0111\u01b0a tin tuy\u00ean truy\u1ec1n v\u1ec1 cu\u1ed9c thi \u201cSinh vi\u00ean v\u1edbi quy\u1ec1n s\u1edf h\u1eefu tr\u00ed tu\u1ec7 &#8211; S&amp;IP\u201d n\u0103m 2021.<\/p>\n<p>M\u1ecdi chi ti\u1ebft xin vui l\u00f2ng li\u00ean h\u1ec7: ThS. Ng\u00f4 H\u1eefu Th\u1ed1ng, Ch\u00e1nh V\u0103n ph\u00f2ng Trung t\u00e2m Trung t\u00e2m S\u1edf h\u1eefu tr\u00ed tu\u1ec7 v\u00e0 Chuy\u1ec3n giao C\u00f4ng ngh\u1ec7 \u0110HQG-HCM, Th\u01b0\u1eddng tr\u1ef1c Ban t\u1ed5 ch\u1ee9c; \u0110T: (028) 37242181 \u2013 D\u0110: 0911471288, email: nhthong@vnuhcm.edu.vn, \u0111\u1ecba ch\u1ec9: Trung t\u00e2m S\u1edf h\u1eefu tr\u00ed tu\u1ec7 v\u00e0 Chuy\u1ec3n giao C\u00f4ng ngh\u1ec7 \u0110HQG-HCM, P.519 Nh\u00e0 \u0110i\u1ec1u h\u00e0nh \u0110HQG-HCM, ph\u01b0\u1eddng Linh Trung, qu\u1eadn Th\u1ee7 \u0110\u1ee9c, th\u00e0nh ph\u1ed1 H\u1ed3 Ch\u00ed Minh. Trang ch\u1ee7 cu\u1ed9c thi t\u1ea1i http:\/\/iptc.vn\/sip.<\/p>\n<p>Tr\u00e2n tr\u1ecdng.\/.<\/p>\n\t\t<\/div>\n\t<\/div>\n\n\t\n<\/div>\n","protected":false},"excerpt":{"rendered":"","protected":false},"author":2,"featured_media":0,"parent":0,"menu_order":0,"comment_status":"closed","ping_status":"closed","template":"page-blank-title-center.php","meta":[],"_links":{"self":[{"href":"https:\/\/iptc.vn\/sip\/wp-json\/wp\/v2\/pages\/913"}],"collection":[{"href":"https:\/\/iptc.vn\/sip\/wp-json\/wp\/v2\/pages"}],"about":[{"href":"https:\/\/iptc.vn\/sip\/wp-json\/wp\/v2\/types\/page"}],"author":[{"embeddable":true,"href":"https:\/\/iptc.vn\/sip\/wp-json\/wp\/v2\/users\/2"}],"replies":[{"embeddable":true,"href":"https:\/\/iptc.vn\/sip\/wp-json\/wp\/v2\/comments?post=913"}],"version-history":[{"count":4,"href":"https:\/\/iptc.vn\/sip\/wp-json\/wp\/v2\/pages\/913\/revisions"}],"predecessor-version":[{"id":920,"href":"https:\/\/iptc.vn\/sip\/wp-json\/wp\/v2\/pages\/913\/revisions\/920"}],"wp:attachment":[{"href":"https:\/\/iptc.vn\/sip\/wp-json\/wp\/v2\/media?parent=913"}],"curies":[{"name":"wp","href":"https:\/\/api.w.org\/{rel}","templated":true}]}}